{"id":1539,"date":"2025-10-17T08:38:57","date_gmt":"2025-10-17T14:38:57","guid":{"rendered":"https:\/\/tropicaladventures.com.ec\/site\/?post_type=product&#038;p=1539"},"modified":"2025-10-17T08:41:44","modified_gmt":"2025-10-17T14:41:44","slug":"tour-bahia-cartago-avistamiento-de-aves-snorkel-y-pesca","status":"publish","type":"product","link":"https:\/\/tropicaladventures.com.ec\/site\/product\/tour-bahia-cartago-avistamiento-de-aves-snorkel-y-pesca\/","title":{"rendered":"Tour Bahia Cartago  (Avistamiento de aves, snorkel y pesca)"},"content":{"rendered":"<p>Ubicada al sueste de Puerto Villamil, el tiempo de navegaci\u00f3n es de 1 hora 30 minutos aproximadamente hasta llegar a<br \/>\nesta hermosa bah\u00eda, formada por una extensa zona rocosa de lava tipo pahoe hoe, con mangles y cactus candelabro, el \u00e1rea del snorkel<br \/>\nes de aguas poco profundas y cristalinas, arrecifes coralinos y llenas de vida marina donde observaremos rayas doradas y \u00e1guilas adem\u00e1s<br \/>\nde tortugas marinas descansando en la tranquilidad de las costas. Adem\u00e1s podremos observar a la maravillosa iguana terrestre de Gal\u00e1pagos.<\/p>\n<p>Durante esta visita tambi\u00e9n podr\u00e1n experimentar junto a la tripulaci\u00f3n la pesca con ca\u00f1a y atrapar atunes aleta amarilla, wahoo, bacalaos y sierra.<\/p>\n","protected":false},"excerpt":{"rendered":"<p>Ubicada al sueste de Puerto Villamil, el tiempo de navegaci\u00f3n es de 1 hora 30 minutos aproximadamente hasta llegar a esta hermosa bah\u00eda, formada por una extensa zona rocosa de lava tipo pahoe hoe, con mangles y cactus candelabro, el \u00e1rea del snorkel es de aguas poco profundas y cristalinas, arrecifes coralinos y llenas de [&hellip;]<\/p>\n","protected":false},"featured_media":1540,"comment_status":"open","ping_status":"closed","template":"","meta":[],"product_brand":[],"product_cat":[17],"product_tag":[],"class_list":{"0":"post-1539","1":"product","2":"type-product","3":"status-publish","4":"has-post-thumbnail","6":"product_cat-uncategorized","8":"first","9":"instock","10":"virtual","11":"sold-individually","12":"purchasable","13":"product-type-booking"},"_links":{"self":[{"href":"https:\/\/tropicaladventures.com.ec\/site\/wp-json\/wp\/v2\/product\/1539","targetHints":{"allow":["GET"]}}],"collection":[{"href":"https:\/\/tropicaladventures.com.ec\/site\/wp-json\/wp\/v2\/product"}],"about":[{"href":"https:\/\/tropicaladventures.com.ec\/site\/wp-json\/wp\/v2\/types\/product"}],"replies":[{"embeddable":true,"href":"https:\/\/tropicaladventures.com.ec\/site\/wp-json\/wp\/v2\/comments?post=1539"}],"wp:featuredmedia":[{"embeddable":true,"href":"https:\/\/tropicaladventures.com.ec\/site\/wp-json\/wp\/v2\/media\/1540"}],"wp:attachment":[{"href":"https:\/\/tropicaladventures.com.ec\/site\/wp-json\/wp\/v2\/media?parent=1539"}],"wp:term":[{"taxonomy":"product_brand","embeddable":true,"href":"https:\/\/tropicaladventures.com.ec\/site\/wp-json\/wp\/v2\/product_brand?post=1539"},{"taxonomy":"product_cat","embeddable":true,"href":"https:\/\/tropicaladventures.com.ec\/site\/wp-json\/wp\/v2\/product_cat?post=1539"},{"taxonomy":"product_tag","embeddable":true,"href":"https:\/\/tropicaladventures.com.ec\/site\/wp-json\/wp\/v2\/product_tag?post=1539"}],"curies":[{"name":"wp","href":"https:\/\/api.w.org\/{rel}","templated":true}]}}